on factor of 72 and 279?
9
What is the greatest common divisor of 11 and 1067?
11
Calculate the greatest common divisor of 2799 and 9.
9
Calculate the greatest common factor of 675 and 270.
135
What is the highest common factor of 972 and 96?
12
What is the greatest common divisor of 32 and 216?
8
Calculate the greatest common divisor of 32 and 2.
2
Calculate the greatest common divisor of 5 and 895.
5
Calculate the greatest common divisor of 1364 and 372.
124
Calculate the greatest common factor of 22 and 33.
11
What is the greatest common divisor of 876 and 12?
12
What is the greatest common divisor of 3 and 16?
1
Calculate the highest common divisor of 200 and 8.
8
Calculate the greatest common factor of 84 and 24.
12
What is the greatest common divisor of 17143 and 62?
31
What is the greatest common divisor of 72 and 612?
36
What is the greatest common factor of 12 and 144?
12
Calculate the greatest common factor of 57 and 3192.
57
What is the greatest common divisor of 187 and 11?
11
What is the highest common divisor of 322 and 56?
14
Calculate the highest common divisor of 45 and 25890.
15
Calculate the greatest common divisor of 18100 and 300.
100
Calculate the greatest common divisor of 5620 and 60.
20
What is the greatest common divisor of 8047 and 13?
13
What is the highest common factor of 56 and 5502?
14
What is the highest common factor of 360 and 8496?
72
Calculate the highest common divisor of 7 and 63.
7
What is the greatest common divisor of 400 and 32?
16
What is the greatest common divisor of 152 and 437?
19
Calculate the greatest common divisor of 22 and 20614.
22
Calculate the highest common factor of 7189 and 13.
13
Calculate the highest common divisor of 24970 and 44.
22
Calculate the greatest common factor of 55 and 745.
5
What is the highest common divisor of 120 and 210?
30
Calculate the highest common divisor of 285 and 165.
15
What is the greatest common divisor of 205 and 902?
41
What is the greatest common factor of 142 and 2?
2
Calculate the greatest common factor of 114 and 1197.
57
Calculate the greatest common divisor of 203 and 290.
29
Calculate the highest common factor of 2057 and 374.
187
What is the greatest common factor of 98 and 42?
14
Calculate the greatest common factor of 321 and 3.
3
Calculate the greatest common divisor of 648 and 280.
8
What is the highest common factor of 72 and 14004?
36
Calculate the highest common factor of 17 and 2329.
17
Calculate the highest common divisor of 20449 and 169.
169
What is the greatest common divisor of 20 and 100?
20
What is the highest common divisor of 64 and 10896?
16
Calculate the highest common factor of 4550 and 14.
14
Calculate the greatest common divisor of 560 and 812.
28
Calculate the greatest common factor of 836 and 506.
22
What is the greatest common factor of 20 and 290?
10
What is the highest common divisor of 949 and 39?
13
What is the greatest common divisor of 27606 and 172?
86
What is the highest common factor of 3608 and 22?
22
Calculate the greatest common factor of 308 and 1400.
28
What is the highest common divisor of 126 and 287?
7
Calculate the greatest common factor of 201 and 7772.
67
What is the greatest common divisor of 542 and 14363?
271
What is the highest common divisor of 60 and 1635?
15
What is the greatest common factor of 20 and 65?
5
Calculate the greatest common divisor of 800 and 12.
4
What is the greatest common divisor of 672 and 1176?
168
Calculate the greatest common divisor of 7038 and 102.
102
Calculate the highest common factor of 86 and 258.
86
What is the highest common factor of 30 and 20?
10
What is the highest common factor of 692 and 8?
4
Calculate the highest common divisor of 588 and 8624.
196
What is the greatest common factor of 1401 and 6?
3
Calculate the highest common divisor of 330 and 9438.
66
Calculate the greatest common divisor of 258 and 301.
43
What is the highest common divisor of 24 and 3840?
24
What is the greatest common divisor of 50 and 2?
2
Calculate the greatest common divisor of 42 and 162.
6
What is the highest common factor of 13 and 3757?
13
Calculate the highest common factor of 153 and 34.
17
What is the highest common divisor of 496 and 372?
124
Calculate the greatest common divisor of 410 and 738.
82
Calculate the highest common factor of 663 and 325.
13
What is the highest common divisor of 1452 and 36?
12
What is the greatest common factor of 22 and 77?
11
Calculate the greatest common factor of 776 and 10.
2
Calculate the greatest common divisor of 1765 and 5.
5
Calculate the highest common factor of 189 and 1620.
27
Calculate the greatest common divisor of 138 and 18.
6
Calculate the greatest common factor of 49 and 6125.
49
Calculate the greatest common factor of 216 and 32.
8
What is the greatest common divisor of 1404 and 6708?
156
What is the greatest common factor of 104 and 13?
13
Calculate the greatest common divisor of 4 and 18.
2
Calculate the greatest common factor of 5 and 25.
5
What is the greatest common factor of 128 and 6?
2
Calculate the greatest common divisor of 212 and 128.
4
Calculate the highest common divisor of 21 and 2751.
21
Calculate the highest common divisor of 18828 and 9.
9
What is the greatest common factor of 343 and 196?
49
What is the highest common divisor of 804 and 300?
12
Calculate the highest common divisor of 24 and 20.
4
What is the highest common factor of 60 and 50?
10
Calculate the greatest common factor of 72 and 972.
36
Calculate the highest common divisor of 92 and 4876.
92
What is the greatest common divisor of 3 and 1227?
3
Calculate the greatest common divisor of 80 and 2200.
40
What is the greatest common divisor of 34 and 10914?
34
What is the highest common divisor of 106 and 159?
53
What is the highest common factor of 25 and 1600?
25
Calculate the highest common factor of 60 and 432.
12
What is the greatest common factor of 105 and 105?
105
What is the highest common factor of 235 and 24910?
235
Calculate the greatest common factor of 255 and 165.
15
Calculate the highest common divisor of 93 and 341.
31
What is the greatest common factor of 583 and 4717?
53
Calculate the greatest common divisor of 1428 and 2352.
84
Calculate the greatest common divisor of 2553 and 1173.
69
Calculate the greatest common factor of 96 and 288.
96
What is the greatest common divisor of 44 and 253?
11
Calculate the highest common divisor of 112 and 400.
16
What is the greatest common factor of 95 and 50?
5
Calculate the highest common divisor of 25 and 55.
5
What is the greatest common divisor of 364 and 28?
28
What is the highest common factor of 34 and 3?
1
What is the greatest common factor of 125 and 3875?
125
What is the greatest common factor of 18 and 360?
18
What is the highest common factor of 234 and 14?
2
What is the greatest common factor of 36 and 4992?
12
Calculate the greatest common factor of 1846 and 426.
142
Calculate the highest common factor of 64 and 496.
16
Calculate the greatest common factor of 135 and 189.
27
Calculate the highest common divisor of 5 and 687.
1
What is the highest common factor of 35872 and 32?
32
Calculate the highest common divisor of 871 and 469.
67
What is the greatest common factor of 5236 and 154?
154
Calculate the greatest common divisor of 3414 and 6.
6
Calculate the greatest common factor of 1539 and 114.
57
What is the greatest common factor of 20 and 220?
20
Calculate the highest common factor of 16 and 1376.
16
Calculate the greatest common factor of 36 and 228.
12
What is the highest common factor of 14 and 1050?
14
Calculate the highest common divisor of 546 and 105.
21
Calculate the greatest common factor of 234 and 144.
18
What is the greatest common divisor of 4 and 52?
4
What is the highest common factor of 54282 and 249?
249
What is the greatest common divisor of 104 and 296?
8
What is the highest common factor of 3380 and 40?
20
Calculate the greatest common factor of 8510 and 1480.
370
Calculate the highest common divisor of 12 and 30.
6
Calculate the highest common factor of 540 and 621.
27
What is the highest common factor of 108 and 1836?
108
Calculate the highest common divisor of 568 and 16.
8
What is the greatest common divisor of 3182 and 296?
74
What is the highest